et i(z) = z**2 - 17*z + 17. Determine i(a).
1
Let g(o) = o. Let d(s) = 2*s - 1. Let x(j) = 3*d(j) - 8*g(j). Let m(u) = -252*u - 2527. Let t be m(-10). Calculate x(t).
11
Let k(i) = i**2 - 4*i - 11. Let j(o) = -2*o**2 + 5*o + 15. Let g(f) = -2*j(f) - 3*k(f). What is g(0)?
3
Let k(y) = 10*y**2 - 13*y + 1. Let a(n) = 3*n**2 - 4*n. Let l(z) = -7*a(z) + 2*k(z). Let t be l(3). Let i(m) = 17*m - 1. Determine i(t).
-18
Let i(j) = 2*j**2 - j - 1. Suppose 3*d - 8*d = f - 14, f - 2*d - 49 = 0. Suppose 32*r = f*r + 14. What is i(r)?
9
Let y be (4/1)/((-21)/7 + 1). Let s(i) = 4*i**2 + 4*i - 1. Determine s(y).
7
Let j(w) be the first derivative of -w**2/2 + 4*w - 8. Calculate j(-5).
9
Let a be (3 - (0 + -1))*-2. Let b be ((-3)/(-6))/(-1 + 15/12). Let n(q) = -192*q + 2 + b + 193*q. Give n(a).
-4
Let z(i) = -10 + 108*i - 54*i - 53*i. What is z(3)?
-7
Let f(v) = v**2 - 2*v**2 + 40 - 26 - 21 + 6*v. Let y(a) = -a**3 - 12 - a - 10*a + 0 - 10*a**2. Let l be y(-9). Calculate f(l).
-7
Let p(f) be the first derivative of -4*f**2 - 5 - 7/3*f**3 - 4*f - 1/4*f**4. What is p(-5)?
-14
Suppose 4*y + 4*d + 24 = 0, -4*d = 3*y + 7 + 16. Let r(p) = 2*p - 72*p**2 - 78*p**2 + 155*p**2 + 1. Give r(y).
4
Let n(s) = -s**3 - 7*s**2 - 12*s - 5. Let b be n(-5). Suppose 11 = 3*g + 4*u, 0*u - b = 5*u. Let f(w) = w**2 - 4*w. What is f(g)?
5
Suppose 0 = 3*y - 15*y + 60. Let n(c) = 2*c - 6. Give n(y).
4
Let k(a) be the second derivative of a**5/20 + a**4/2 + 7*a**3/6 + 11*a**2/2 + 180*a. What is k(-5)?
1
Let q(m) be the third derivative of 1/24*m**4 - 5*m**2 + 0 + 1/3*m**3 + 0*m. Suppose 16*k - 24 = 10*k. Calculate q(k).
6
Let h(g) = -g - 7. Let o be 24/(2 - -4) + -10. Give h(o).
-1
Suppose 0 = -5*p + 9 + 11. Suppose 11 = 4*q + s - 15, 36 = 4*q - p*s. Let w(c) be the first derivative of c**4/4 - 2*c**3 - 4*c**2 + 3*c + 494. Determine w(q).
-4
Let d(a) = -5*a**2 - 10*a - 20. Let z(m) = 4*m**2 + 9*m + 11. Let c(r) = -3*d(r) - 4*z(r). Give c(-8).
0
Let y(i) be the second derivative of -i**3/3 + i**2/2 - 8*i. Let a be (0 - -2)/(4/6). Suppose -2*c - 1 - a = 0. Give y(c).
5
Let d(g) = -g**3 + 4*g**2 + 17*g - 9. Let b be d(6). Suppose -14*o + 7 = -b*o. Let c(k) = 10*k**3 - 1 + 0*k**3 + k**3 - k + k**2. Give c(o).
-10
Let k(s) = -3*s**3 + 10*s**2 - 3*s + 1. Let b(x) = -4*x**3 + 11*x**2 - x. Let i(q) = -2*b(q) + 3*k(q). Give i(7).
3
Let j(f) = -f**3 - 7*f**2 + 17*f + 7. Let o be 5/(-1) + (-68)/17. Give j(o).
16
Let r(n) = 13*n. Let o = 405 - 404. Determine r(o).
13
Let x(r) = -2*r**2 - 5*r - 5. Suppose 3*a + 18*b - 14*b = -23, 0 = 4*a - b + 18. Determine x(a).
-30
Let d(j) = j + 5. Suppose -k = k - 6, 5*v - 2*k = 4. Let q be 90/(-21) - v - 4/(-14). What is d(q)?
-1
Let w(o) = -10*o + 8 + 24*o - 7. Let t(l) = 8*l + 1. Let j(h) = -5*t(h) + 3*w(h). Give j(4).
6
Let o(h) = -h**2 - 6*h - 6. Let w(n) = 37*n - 3. Let r be w(0). Give o(r).
3
Let z(t) = 5*t - 5. Let v(w) = 15*w - 14. Let m(o) = 4*v(o) - 11*z(o). Suppose y + 5*c = 5*y - 2, 4*y = 4*c. Determine m(y).
-11
Let n = -24 - -26. Suppose 0 = -n*a + 2*m + 14, -4*m - 26 = 3*a - 6*a. Let w(f) = -5*f**2 + 3*f - 3. Calculate w(a).
-17
Let w(o) = -5*o**2 + 17*o + 14. Let v(l) = 4*l**2 - 17*l - 15. Let j(f) = -4*v(f) - 3*w(f). What is j(18)?
0
Suppose -3*i + 7*i - 8 = 0. Let a(q) = -19 + 12 + i*q**2 + q - 5*q**2 + 2*q**2. Calculate a(0).
-7
Let z be -4 + (-2)/8 + 189/36. Let l(i) = -17*i**3 + i**2 + i - 1. Determine l(z).
-16
Let c(w) = w**2 + 6*w - 7. Let f be (-1)/3 - (2783/33)/11. Calculate c(f).
9
Let v(a) be the third derivative of -a**6/120 - a**5/10 + a**4/12 + 4*a**3/3 + 1484*a**2. Suppose 24 = -3*w + 6. Give v(w).
-4
Let i(b) be the third derivative of -b**5/60 + 17*b**4/24 + 5*b**3/6 - 95*b**2 + 3. Determine i(17).
5
Let d(f) be the third derivative of 7*f**4/24 + 37*f**3/6 - 898*f**2. Give d(-5).
2
Let y = -6 + 6. Suppose y*l - 4*l + 28 = 2*r, -14 = -r - 5*l. Let u = 18 - r. Let f(x) = -x**3 + 5*x**2 - 5*x - 4. What is f(u)?
-8
Let m(x) be the first derivative of -x**4/4 - 4*x**3/3 + 4*x**2 + 7*x - 9. Suppose 3*r = -6*r - 45. Calculate m(r).
-8
Let m(q) be the third derivative of -q**6/40 - q**5/30 - q**4/24 - q**3/3 + q**2. Suppose 70*p - 66*p + 26 = -3*o, -o - 2 = -2*p. Give m(p).
16
Let m(v) = -v**2 - 5*v - 5. Let o = 25 - 14. Suppose -5*i - o = -y, 5 = -3*i - 4. Give m(y).
-1
Suppose 7*z + 10 = 2*z. Let y = 2 - 1. Let u(i) = 2 + 13*i**2 - 2*i - y - 15*i**2. What is u(z)?
-3
Let k(t) = -4*t**2 + 0 - t**3 - 2 + 3*t**2. Let i = 18 + -13. Suppose x = -i*c - 20, x - 5*c = 26 - 6. Calculate k(x).
-2
Let x(a) be the third derivative of a**5/30 - a**4/4 - a**3/2 - 195*a**2. Calculate x(3).
-3
Let x(u) = -2*u**3 - u**2 + 3*u - 2. Let g(k) = -2*k + 20. Let w be g(11). Let t be (w - -9)*(-16)/(-56). What is x(t)?
-16
Let q be 1/(-1) + 0 + -314. Let i be ((-3)/9)/(5/q). Let d(t) = 21*t**2 - t**3 - t**3 - i*t**2. Calculate d(-1).
2
Let f(x) be the third derivative of x**7/1008 - x**6/720 - x**5/15 - 21*x**2. Let n(z) be the third derivative of f(z). Calculate n(-2).
-11
Let y be (8/(-10))/((-4)/10). Let i(r) = -2*r - 4 + y + 2 - 3. Suppose 0 = g - 4*u + 7*u, g + 5*u - 2 = 0. Calculate i(g).
3
Let w(o) = o**3 + 6*o**2 - 11*o + 1. Let h(m) = -2*m - 18. Let b be h(-5). Calculate w(b).
-39
Let p(r) = r**3 - 4*r**2 - 2*r + 11. Suppose -71*s + 40 = -61*s. What is p(s)?
3
Let r(k) = k + 8. Let s be r(-8). Let u be 2 + 2 + -4 - s. Let c(m) = 0*m + m**3 + 3*m**3 - 1 + m - 5*m**3. Determine c(u).
-1
Let g(o) = -o**3 - o**2 + 1. Let p(w) be the third derivative of -w**6/20 - w**5/15 - w**4/12 + w**3/2 - 6*w**2. Let j(y) = -4*g(y) + p(y). Determine j(-1).
3
Let h be (-1)/4 + 760/(-160). Let o(t) = -6*t**2 + 5*t + 2*t**2 - t**3 - 1 + 4. Let k be o(h). Let v(y) = -y**3 + 4*y**2 - 3*y + 4. Calculate v(k).
4
Let s(i) = i**2 + i - 20. Let x(d) = -14*d - 65. Let b be x(-5). Suppose b*m = -10*m. What is s(m)?
-20
Let w(b) = -b. Suppose 5*o + 15 = 0, -o - 41 = 5*q + o. Determine w(q).
7
Let k(f) be the second derivative of -3*f**5/5 + f**4/12 - f**3/6 + 2*f. Let h be (-14)/(-49) + 57/21 + -2. Determine k(h).
-12
Let m(r) be the second derivative of -r**4/4 + r**3/3 - r**2/2 + 74*r. Determine m(2).
-9
Suppose -x + 4*s = 219, 2*x + 260 = -5*s - 178. Let o be x/21 - (3 - 48/14). Let r(b) = -b - 8. Give r(o).
2
Let y = 155 - 141. Let s(t) = 13*t + 2*t - 2 - y*t. What is s(-2)?
-4
Let b(f) = f**2 + 6*f + 1. Suppose -5 = o, -w - o = -4*w + 20. Let c = 9 - w. Let l = -9 + c. Give b(l).
-4
Let o(i) = i + 7. Let u(p) = p**2 + 47*p + 135. Let k be u(-44). Let j = 26 + -15. Suppose -5*m + 7*y = 4*y + 31, -k*y = -m - j. Calculate o(m).
2
Let v(y) = 2*y - 3. Let g(o) = -o**3 - 12*o**2 - 9*o + 19. Let j be g(-11). Calculate v(j).
-9
Let a = -229 + 233. Let g = 14 - 9. Let z(q) = -2*q + g*q**3 - a*q**2 - 2*q - 4*q**3 + 0 + 4. What is z(5)?
9
Let g(c) = c**3 + 24*c**2 + 18*c - 107. Let b be g(-23). Let r(q) = 9 - 3*q + 9*q**2 - 6*q - 2*q**3 + q**3. What is r(b)?
1
Let g be 6/(-5)*(9 - 34/6). Let b(w) = -w**3 - 4*w**2 - 3*w - 6. Calculate b(g).
6
Let y(i) be the third derivative of -7/6*i**3 + 3/8*i**4 + 0 + 9*i**2 - 1/60*i**5 + 0*i. What is y(8)?
1
Let c(s) = 32*s + 37*s - 80*s + s**2 + 10. Determine c(10).
0
Let c(t) = 4*t**3 - 4*t**2 - 4*t - 3. Let g be c(-1). Let i(r) = 4*r + 11. Let y(j) = 3*j + 10. Let q(o) = -4*i(o) + 5*y(o). Calculate q(g).
13
Let l(c) = 10 - 19 + 8. Let w(o) = 3*o - 1. Let s(j) = 6*l(j) - w(j). Give s(-5).
10
Let t(p) = -p**2 - 6*p + 2. Let y = -448 + 445. What is t(y)?
11
Let r(o) be the third derivative of 7*o**5/60 + o**4/12 - o**3/6 - o**2. Let x = 93 - 88. Suppose 4*n - 4 = -x*h, -n + 2 = n - 5*h. Give r(n).
8
Let q(m) = -6*m**2 - 2*m - 1. Let d = 13 - 10. Let n be (8/d)/(8/12). Suppose 3*x + n = -x. Determine q(x).
-5
Let u(h) be the third derivative of -3*h**2 + 1/120*h**6 - 1/6*h**3 + 1/12*h**5 + 0*h + 1/6*h**4 + 0. Calculate u(-3).
5
Let i = 14 - -16. Let q(u) = -4*u**2 + 32 + 3*u**2 - i. Suppose -t = 2*n - 3, -2*t - n + 9 = t. Determine q(t).
-7
Let b(l) = -4*l**2 - 2814 - 6*l + 3*l**2 + 28*l + 2815. Calculate b(22).
1
Let w(m) = -2*m - 17. Let t be w(-8). Let n(s) be the second derivative of -7*s**4/12 - s**3/3 - s**2/2 - 2*s + 51. Calculate n(t).
-6
Let a(s) = 0 + 0*s + 0 + 5 - 2*s. Let k(j) be the first derivative of j**4/4 - 3*j**3 + 5*j**2 - 11*